{"id":2,"date":"2016-05-10T03:48:21","date_gmt":"2016-05-10T03:48:21","guid":{"rendered":"https:\/\/historiagraficareusdeportiu.cat\/?page_id=2"},"modified":"2021-11-17T11:21:57","modified_gmt":"2021-11-17T11:21:57","slug":"sample-page","status":"publish","type":"page","link":"https:\/\/historiagraficareusdeportiu.cat\/","title":{"rendered":"INICI"},"content":{"rendered":"\n<p><strong><span class=\"highlight\">P\u00c0GINA EN CONSTRUCCI\u00d3<\/span><\/strong><\/p>\n\n\n<p>&nbsp;<\/p>\n<p>De la m\u00e0 de la Secci\u00f3 de Fotografia i d\u2019Audiovisual del Reus Deportiu, neix aquest portal amb la voluntat de recuperar i preservar la m\u00e9s que centen\u00e0ria HIST\u00d2RIA GR\u00c0FICA de la nostra Entitat. Recopilem arxius gr\u00e0fics que expliquin el transcurs de la nostra vida esportiva i social, i els classifiquem en seccions, per esdeveniments significatius i per anys.<\/p>\n<p>L\u2019Entitat, que es constitu\u00ed oficialment el 23 de novembre de 1909 amb el nom de Club Deportiu, agrup\u00e0 antics membres del Reus Futbol Club, i tingu\u00e9 com a presidents d\u2019aquella \u00e8poca Balcells (1913) i Barrufet (1916). La primera seu fou el vel\u00f2drom del final del carrer Sant Joan, i el 1912 comen\u00e7aren a utilitzar-se uns terrenys de la carretera de Salou, propietat del Tramvia.<\/p>\n<p>El setembre de 1917 foren incorporades al Club Deportiu les entitats esportives locals Club Velocipedista i Sport Club Reus, i arran d\u2019aquesta fusi\u00f3 s\u2019adopt\u00e0 el nom definitiu de Reus Deportiu. Cal destacar tamb\u00e9 el fet hist\u00f2ric de la independitzaci\u00f3 de la Secci\u00f3 de Futbol del&nbsp; Club (any 1951), creant una entitat independent amb el nom de Club de Futbol Reus Deportiu.<\/p>\n<p>Amb el pas dels anys i l\u2019esfor\u00e7 de tota una ciutadania, l\u2019entitat va anar creixent\u2026<\/p>\n<p>Aquesta evoluci\u00f3 \u00e9s la que pretenem reflectir gr\u00e0ficament en aquest lloc web i, per a aconseguir-ho, comptem amb la col\u00b7laboraci\u00f3 dels socis, simpatitzants, col\u00b7leccionistes, o simplement amants dels records, per a qu\u00e8 amb les vostres aportacions puguem fer m\u00e9s llu\u00efda i completa aquesta hist\u00f2ria gr\u00e0fica, dia a dia, amb continu\u00eftat.<\/p>\n<p>Aquestes aportacions poden ser fotografies impreses, arxius digitals (incl\u00fas \u00e0udios i v\u00eddeos), objectes, etc. respectant en tot moment la voluntat i forma de cessi\u00f3 (c\u00f2pia d\u2019arxiu, cessi\u00f3 en dip\u00f2sit, donaci\u00f3, etc.)<\/p>\n<p>Per a qualsevol aportaci\u00f3, us podeu posar en contacte amb nosaltres, per correu-e a l\u2019adre\u00e7a <a href=\"mailto:secciofotografia@reusdeportiu.cat\">secciofotografia@reusdeportiu.cat<\/a><\/p>\n<p>&nbsp;<\/p>\n\n\n<hr class=\"wp-block-separator\"\/>\n\n\n\n<p>VISITES REGISTRADES<\/p>\n\n\n<div class='avc_visit_counter_front' style='border: 2px solid #010101;background-color: #c52736;border-radius:5px;font-size: 14px;font-weight: bold;color:#000000; width: 100%; max-width:200px; margin: 0 auto;padding:5px;'>Visites: 32012  <\/div>\n\n\n\n<p><\/p>\n","protected":false},"excerpt":{"rendered":"<p>P\u00c0GINA EN CONSTRUCCI\u00d3 &nbsp; De la m\u00e0 de la Secci\u00f3 de Fotografia i d\u2019Audiovisual del Reus Deportiu, neix aquest portal amb la voluntat de recuperar i preservar la m\u00e9s que centen\u00e0ria HIST\u00d2RIA GR\u00c0FICA de la nostra Entitat. Recopilem arxius gr\u00e0fics que expliquin el transcurs de la nostra vida esportiva i social, i els classifiquem en [&hellip;]<\/p>\n","protected":false},"author":1,"featured_media":0,"parent":0,"menu_order":0,"comment_status":"closed","ping_status":"open","template":"","meta":{"ngg_post_thumbnail":0},"_links":{"self":[{"href":"https:\/\/historiagraficareusdeportiu.cat\/index.php?rest_route=\/wp\/v2\/pages\/2"}],"collection":[{"href":"https:\/\/historiagraficareusdeportiu.cat\/index.php?rest_route=\/wp\/v2\/pages"}],"about":[{"href":"https:\/\/historiagraficareusdeportiu.cat\/index.php?rest_route=\/wp\/v2\/types\/page"}],"author":[{"embeddable":true,"href":"https:\/\/historiagraficareusdeportiu.cat\/index.php?rest_route=\/wp\/v2\/users\/1"}],"replies":[{"embeddable":true,"href":"https:\/\/historiagraficareusdeportiu.cat\/index.php?rest_route=%2Fwp%2Fv2%2Fcomments&post=2"}],"version-history":[{"count":14,"href":"https:\/\/historiagraficareusdeportiu.cat\/index.php?rest_route=\/wp\/v2\/pages\/2\/revisions"}],"predecessor-version":[{"id":1514,"href":"https:\/\/historiagraficareusdeportiu.cat\/index.php?rest_route=\/wp\/v2\/pages\/2\/revisions\/1514"}],"wp:attachment":[{"href":"https:\/\/historiagraficareusdeportiu.cat\/index.php?rest_route=%2Fwp%2Fv2%2Fmedia&parent=2"}],"curies":[{"name":"wp","href":"https:\/\/api.w.org\/{rel}","templated":true}]}}

<p><strong><span class="highlight">PÀGINA EN CONSTRUCCIÓ</span></strong></p>


<p>&nbsp;</p>
<p>De la mà de la Secció de Fotografia i d’Audiovisual del Reus Deportiu, neix aquest portal amb la voluntat de recuperar i preservar la més que centenària HISTÒRIA GRÀFICA de la nostra Entitat. Recopilem arxius gràfics que expliquin el transcurs de la nostra vida esportiva i social, i els classifiquem en seccions, per esdeveniments significatius i per anys.</p>
<p>L’Entitat, que es constituí oficialment el 23 de novembre de 1909 amb el nom de Club Deportiu, agrupà antics membres del Reus Futbol Club, i tingué com a presidents d’aquella època Balcells (1913) i Barrufet (1916). La primera seu fou el velòdrom del final del carrer Sant Joan, i el 1912 començaren a utilitzar-se uns terrenys de la carretera de Salou, propietat del Tramvia.</p>
<p>El setembre de 1917 foren incorporades al Club Deportiu les entitats esportives locals Club Velocipedista i Sport Club Reus, i arran d’aquesta fusió s’adoptà el nom definitiu de Reus Deportiu. Cal destacar també el fet històric de la independització de la Secció de Futbol del&nbsp; Club (any 1951), creant una entitat independent amb el nom de Club de Futbol Reus Deportiu.</p>
<p>Amb el pas dels anys i l’esforç de tota una ciutadania, l’entitat va anar creixent…</p>
<p>Aquesta evolució és la que pretenem reflectir gràficament en aquest lloc web i, per a aconseguir-ho, comptem amb la col·laboració dels socis, simpatitzants, col·leccionistes, o simplement amants dels records, per a què amb les vostres aportacions puguem fer més lluïda i completa aquesta història gràfica, dia a dia, amb continuïtat.</p>
<p>Aquestes aportacions poden ser fotografies impreses, arxius digitals (inclús àudios i vídeos), objectes, etc. respectant en tot moment la voluntat i forma de cessió (còpia d’arxiu, cessió en dipòsit, donació, etc.)</p>
<p>Per a qualsevol aportació, us podeu posar en contacte amb nosaltres, per correu-e a l’adreça <a href="mailto:secciofotografia@reusdeportiu.cat">secciofotografia@reusdeportiu.cat</a></p>
<p>&nbsp;</p>


<hr class="wp-block-separator"/>



<p>VISITES REGISTRADES</p>


<div class='avc_visit_counter_front' style='border: 2px solid #010101;background-color: #c52736;border-radius:5px;font-size: 14px;font-weight: bold;color:#000000; width: 100%; max-width:200px; margin: 0 auto;padding:5px;'>Visites: 32012  </div>



<p></p>

<p>PÀGINA EN CONSTRUCCIÓ &nbsp; De la mà de la Secció de Fotografia i d’Audiovisual del Reus Deportiu, neix aquest portal amb la voluntat de recuperar i preservar la més que centenària HISTÒRIA GRÀFICA de la nostra Entitat. Recopilem arxius gràfics que expliquin el transcurs de la nostra vida esportiva i social, i els classifiquem en [&hellip;]</p>
